. Let r(t) = 3*l(t) - 4*o(t). Give r(-11).
-25
Let v be (18/(-8) - (-3)/12)*(-111)/74. Let n(w) = -w**3 + 6*w**2 - 8*w + 6. Give n(v).
9
Let b = -73 + 139. Suppose 4*q = -18*q + b. Suppose 0 = -g + 2*p - 4, -6 = 3*g - 7*p + q*p. Let t(x) = -4*x + 3. Determine t(g).
-5
Let t(c) = c**2 + 6*c - 3. Suppose -28*h + 23*h = 3*s - 69, 4*s - 57 = 5*h. Suppose 0 = -s*f - 87 - 3. What is t(f)?
-8
Let p(l) = -3 + 16 - l + 4. Let a be 35 + -34 + (-7 - (-3 + -12)). What is p(a)?
8
Let b(j) be the second derivative of -j**4/6 + 7*j**3/6 - j**2 - 3634*j + 2. Let v be ((-2)/3)/(1/(-9)). Calculate b(v).
-32
Suppose -2*b + 0*b = -2*g - 2, -4*b + 20 = 0. Let n(y) = -15*y**2 + 7*y - 43. Let k(t) = 26*t**2 - 12*t + 73. Let m(x) = -7*k(x) - 12*n(x). Determine m(g).
-27
Let i(y) = y**2 - 14*y + 42. Let o be 5371/655 - 4/(-5). Determine i(o).
-3
Let i(s) be the first derivative of -s**4/4 + 4*s**3/3 - s**2/2 + 1. Let x(t) = 74*t - 736. Let j be x(10). Determine i(j).
-4
Let r(g) = -16*g + 22. Let b be r(1). Let p(f) = 34*f + 31*f - 94*f - b + 28*f. Let z be 2/3 - (-51)/(-9). What is p(z)?
-1
Suppose -9*t + 1045 = 35*t + 11*t. Let w(v) = -v + 11. Calculate w(t).
-8
Let r(i) = -45 - 29 - 25 - 3*i + 9*i**2 - 6*i**2 - 2*i**2. Give r(12).
9
Suppose -14*y + 201 = -51. Let j(v) = v**3 - 18*v**2 - 2*v + 8. Determine j(y).
-28
Let f(k) = k**3 + 7*k**2 - 4*k + 9. Let u(h) = -h**2 - 227*h + 1390. Let j be u(6). Calculate f(j).
-23
Let l be (-1176)/2156*44/(-3). Let n(p) be the second derivative of 1/6*p**3 - 4*p**2 - p + 0. Determine n(l).
0
Let l = 18 + -13. Suppose l*i = -4*z + 6 + 1, 2*z = 3*i + 9. Let v(a) = a**2 + 8*a + 4. Let g(r) = 4*r. Let p(c) = -3*g(c) + v(c). Calculate p(z).
1
Let l(v) = -v + 6. Let p(b) = -b**3 + 9*b**2 + 2*b + 1. Let d(i) = -i**3 + 13*i**2 + 3*i + 2. Let r(s) = -5*d(s) + 7*p(s). Let a be r(-2). Give l(a).
-1
Let i(q) = q**2 + q - 2. Let y(d) = 3*d**2 - 2*d - 25. Let o(g) = 2. Let t(h) = -2*o(h) - y(h). Let w(a) = -4*i(a) - t(a). Calculate w(-6).
-13
Let c(i) = -i**3 + 11*i**2 - 2. Let v be c(11). Let j(b) = 7*b - 9*b - 3 + b**2 - b. Calculate j(v).
7
Let t be (2 + 28/(-6))*165/(-44). Let q(p) be the first derivative of -p**4/4 + 11*p**3/3 - 5*p**2 + 3*p + 12. Give q(t).
3
Let c(j) = -4 - 4*j**2 - 1 + 7*j**3 - 4 + 5 + 7*j**2. Give c(-2).
-48
Let y(p) = 2*p - 11 + 19 + 4 + 3*p + 2*p**2 + 3*p. Give y(-2).
4
Suppose 9*o = 4*o + 5. Let g(l) = -6*l**2 + 7*l. Let f(h) be the second derivative of -h**5/20 + h**2/2 + 320*h + 1. Let v(j) = o*f(j) + g(j). Calculate v(-7).
1
Suppose 274*a + 40 = 278*a. Let h(b) = a*b - 21*b**3 + 4*b**3 + 16*b**3 - 11*b**2 - 12. What is h(-12)?
12
Let y(b) = -b**2 - 9*b - 7. Let r be ((-9)/(-2) + -3)*(-126)/27. Let m be 4 - (0 - -18) - r. What is y(m)?
7
Suppose 0 = -j - 4*q + 17, 5*j - 22*q = -24*q + 31. Let a(i) = -3*i**2 + 3*i + 8. Calculate a(j).
-52
Let x(j) = j**2 - j - 2. Let u(a) = 4*a + 22. Let f = -41 - -46. Suppose -v = -4*o + 8 + 2, 0 = -v + f*o - 11. Let d be u(v). Calculate x(d).
4
Let a be (-5)/(-65) - (-6)/(-65 - 13). Let b(j) = -j**2 - 3*j + 13. What is b(a)?
13
Let r(b) = -3*b**3 - 3*b**2 - b + 3. Let y(f) = f**3 - f**2 + f + 1. Let w be ((-4)/(-2))/(-8 - -6). Let t(h) = w*r(h) - 4*y(h). What is t(6)?
11
Let k(r) = 51*r - 1856*r**2 + 5 + 932*r**2 + 920*r**2. Determine k(13).
-8
Suppose -4*o = o + 5*w + 5, -3*w - 12 = 0. Suppose 0 = 11*z - 5 - 28. Let x(c) = -2*c**2 + 0*c**3 + 9*c**o + z*c**2 + 5*c**3 - 1. Determine x(1).
14
Let g(t) = -37*t + 3*t + 2*t**3 + 8*t**2 + 20*t - 17. Let u be g(-5). Let i(f) = f - 4. Calculate i(u).
-1
Suppose 640 = 19*w + w. Suppose -13*r + w = -21*r. Let z(h) = 9*h + 1. Give z(r).
-35
Suppose -5*n + 0 = -5*q + 15, 5 = 5*n. Let p(r) = -r**3 + q*r**2 - 1 + 0*r - 2 - 2 + r. Determine p(4).
-1
Let o(n) = 2*n**2 + 14 + 2245*n - 2242*n - 22 + 11. Let m(l) = l**2 - 8*l - 7. Let r be m(9). Suppose 5*s + 2*d = 13, 0 = d + r - 1. What is o(s)?
30
Let p be (7 + -3)/(-4)*2. Let g(b) = 2*b + 15. Calculate g(p).
11
Let l(s) be the first derivative of s**3 + 2*s**2 + 2*s + 47. Let q = -18 - -17. Let g = -2 + q. Give l(g).
17
Let d(r) = 214*r**2 - 3*r + 210*r**2 + 4 + 215*r**2 + 0*r - 629*r**2. Give d(2).
38
Let a = -55 - -60. Let s(r) = 2*r**2 - 9*r + 9. Let h(u) = u**2 - 4*u + 4. Let n(f) = a*h(f) - 2*s(f). Give n(3).
5
Suppose -352 = 13*a - 170. Let t(j) = -j**2 - 13*j - 2. What is t(a)?
-16
Let a(o) be the second derivative of o**5/20 + 2*o**4/3 + 4*o**3/3 + 7*o**2/2 + o - 68. Calculate a(-7).
0
Let j = -2277 + 2269. Let y(z) = -2*z**2 - 10*z + 3. Give y(j).
-45
Let h(l) = l**3 - 7*l**2 - l - 48. Suppose -2372 = 4*o - 2404. Calculate h(o).
8
Let k(a) = 2*a**2 - 6*a - 2. Let i(f) = 5*f**2 - 11*f - 4. Let u(z) = 3*i(z) - 7*k(z). Suppose -1616 = 227*o - 254. Give u(o).
-16
Let i(y) = -4*y - 15. Suppose -5*u + 10 = 15, -2*g = -u - 27. Give i(g).
-67
Suppose 18*f - 2090 - 1636 = 0. Let u = f - 205. Let b(s) = 4*s + 1. Determine b(u).
9
Suppose -237*h + 3*l + 93 = -233*h, -4*l = -4*h + 92. Let k(j) = j**2 - 24*j + 47. Determine k(h).
47
Suppose -9*h = -0*h - 90. Let o(g) = -g**2 + 10*g + 3. Let f be o(h). Let n(w) be the second derivative of -w**3/6 - w**2 - w. Give n(f).
-5
Let c = 351 + 203. Let g = -548 + c. Let z(d) = d**3 - 7*d**2 + d + 6. Calculate z(g).
-24
Let k be 0/3 - (-6)/(-1). Suppose -2*j + 12 = 3*v, 2*j - 4 = 4*v - 2*j. Let s(h) = -h - 50 + 51 + 2*h**2 - h**v + 7*h. What is s(k)?
1
Let l be 2312/12 + 2 + (-5)/(-15). Let z = 187 - l. Let i(k) = -3*k - 7. Calculate i(z).
17
Let w(x) = -3*x + 18. Let j(n) = -4*n + 21. Let r(m) = 10*j(m) - 13*w(m). Determine r(6).
-30
Let w(m) = -6*m**2 + 231*m + 37. Let l(q) = q**2 - 40*q - 6. Let o(h) = -23*l(h) - 4*w(h). Calculate o(4).
-10
Let y(q) = -2*q**3 - q**3 + 4*q**3 - 6*q**2 - 3. Suppose 5*i - 58 = -15*b + 12*b, 3*b - 3*i - 90 = 0. Suppose -7*n + b + 16 = 0. Determine y(n).
-3
Let v(p) be the first derivative of p**2/2 - 21*p - 36168. Let j = -3 + 17. Calculate v(j).
-7
Let z(w) = -w**2 + 7*w + 7*w + 5 - 23. Let s(q) = -q**2 - 7*q + 21. Let g be s(-8). Determine z(g).
-5
Let d(k) be the second derivative of -k**5/20 - k**4/4 + k**3/2 + 3*k**2/2 + 6*k + 5. Let a = 1277 + -1281. What is d(a)?
7
Suppose 2*b = 2*t - 10, 149 - 161 = 4*t. Let f(u) = -6*u**2 + 14*u - 7. Let x(p) = 5*p**2 - 13*p + 7. Let h(m) = -6*f(m) - 7*x(m). What is h(b)?
1
Suppose -2*o = -3*y - 17, 2*o + 2*o - 24 = 4*y. Let s(m) = o + 4 + 3 + 3 - 6*m**2 + 7*m**2. Calculate s(0).
11
Let k(j) = 6*j**2 + 2*j. Let v(f) = 51*f**2 - 16*f. Let l(g) = -9*k(g) + v(g). Calculate l(-9).
63
Let h(d) be the second derivative of d**5/20 + 7*d**4/12 - 17*d**3/6 + 5*d**2/2 - 10250*d. What is h(-9)?
-4
Let o = -19 + 19. Let x(r) = -5*r + 3. Let g be x(-1). Let a(f) = -16*f + g*f + 7*f. Give a(o).
0
Let h(o) be the first derivative of o**4/4 - 11*o**3/3 + 5*o - 1. Let x be (3 - (-2 + -4))/(-1) - (-1520)/76. Give h(x).
5
Let a(c) be the third derivative of c**6/144 - c**5/120 - c**4/6 - c**3/2 - 2*c**2 - 4. Let b(s) be the second derivative of a(s). Determine b(2).
9
Let o(q) be the third derivative of q**6/120 + 7*q**5/60 + 4*q**3/3 + 66*q**2. Let w be o(-7). Let b(r) = -r**2 + 9*r - 10. Calculate b(w).
-2
Let s(r) = -3*r - 2. Suppose 7*q = 505 + 279. Let i = q + -117. Determine s(i).
13
Let f(i) = i**3 + 6*i**2 - 8*i - 5. Let d be (-10)/4*16/20. Let k be -3 - -44 - 1/(d/(-4)). Suppose 0 = 5*o + v + k, 0 = 3*o + 2*v - 3*v + 17. Determine f(o).
2
Let m = 1 + -3. Let k(o) be the second derivative of o**5/20 - o**4/12 - o**3/3 - 436*o - 50. Calculate k(m).
-8
Suppose 0 = 86*r - 89*r - 6. Let g(s) = s + 1. Let y(b) be the first derivative of -6*b**2 - 16*b + 2. Let i(q) = r*y(q) - 22*g(q). Give i(-8).
-6
Suppose -3*i - i + 93 = -27. Let m(t) be the third derivative of 0*t + 0 - 1/24*t**4 - 2/3*t**3 - i*t**2. What is m(0)?
-4
Let j(k) = 0*k - 206520 + 206525 + 3*k. What is j(-5)?
-10
Let c = -1 + -6. Let n(y) = 1182*y**2 + 14*y - 5*y - 2 - 1181*y**2. What is n(c)?
-16
Suppose -115 + 154 = 87*n - 309. Let j(w) = 13*w - 59. Determine j(n).
-7
Let p(q) be the third derivative of -q**6/120 - 7*q**5/60 - q**4/24 - q**3/3 + q**2 + 580. Calculate p(-7).
5
Let b = -28 - -28. Suppose b - 1 = k. Let z(j) = -3*j**3 + 2*j**2 + 2*j + 1. Give z(k).
4
Let d(f) be the third derivative of f**4/24 - f**3/2 + 6*f**2.